
Let z(q) = q - 2. Suppose -6 = 4*g - 7*g. Determine z(g).
0
Suppose -6*y = -8*y + 4. Let b(q) = -6*q**y - q**2 + 0 - 7*q + 6*q**2 - 2. Determine b(-6).
4
Suppose -3*n - 2 + 5 = 0. Let k(p) = -7*p**2 - 2*p**3 - 1 - 2*p**3 - 6*p - n + 3*p**3. What is k(-6)?
-2
Let v(y) be the first derivative of -y**2/2 + 2*y - 2. Let i(t) = -t + 13. Let s be i(11). Calculate v(s).
0
Let i(p) = -5*p**2 - 3*p + 5. Let g(m) = 6*m**2 + 4*m - 6. Let q(h) = -4*g(h) - 5*i(h). Determine q(-4).
19
Let o be (0 + 2)*1 + 0. Let r(v) = -v**2 + 6*v - 3. Calculate r(o).
5
Let w(u) be the second derivative of u**5/20 - 5*u**4/6 + u**3/6 - 5*u**2 - 4*u. Determine w(10).
0
Suppose 7*p - 20 = 3*p. Suppose -3*g = -p*g - 12. Let w(k) = 15*k - 3. Let s(o) = -7*o + 1. Let n(a) = g*w(a) - 13*s(a). Calculate n(-6).
-1
Let d(g) = -g**2 - 5*g + 14. Let p be d(-7). Let x(j) = -j**2 + 4*j**3 - 9*j**3 + 1 - j + p*j. Let b be ((-2)/3)/((-4)/6). Determine x(b).
-6
Let b(g) = -g - 6. Let x be b(-5). Let i(l) be the first derivative of -l**3 - l**2/2 - l - 1. Give i(x).
-3
Let v be (-4 - 5)*1/3. Let l(o) be the second derivative of -o**4/12 - o**3/3 - o**2 + o. Determine l(v).
-5
Let s(w) be the second derivative of 0 + 1/6*w**3 + 2*w + 1/2*w**2. Give s(-5).
-4
Let f be ((-7)/(-70))/(24/10). Let q(j) be the third derivative of 0*j**3 + 0 + 0*j + f*j**4 - 2*j**2. Calculate q(3).
3
Let l(r) be the first derivative of 0*r - 1/2*r**3 + 1/8*r**4 + 1/60*r**5 + r**2 + 1. Let f(a) be the second derivative of l(a). Determine f(-4).
1
Let x(l) = l**2 + l - 1. Let v(c) = 7*c**2 + 7*c - 8. Let i(u) = v(u) - 6*x(u). Let z(k) = -k**3 - 11*k**2 - k - 9. Let p be z(-11). What is i(p)?
4
Suppose 0*y = -4*y. Suppose y = t + 2*t - 18. Let k(w) = -w**2 + 5*w + 3. What is k(t)?
-3
Suppose 3*a = -7*u + 2*u - 15, -2*a - 3*u - 9 = 0. Let d(g) = 6 + a + 2*g - 2. Suppose 2*v - 6*v = 16. Give d(v).
-4
Let d(w) = -2*w - 5. Suppose -1 = -2*t + 1. Let i(q) = -q. Let c(h) = t*i(h) - d(h). Suppose 4*f + 22 = 5*k, 3*k + 6 = -3*f + 3. What is c(f)?
2
Let b(c) be the second derivative of c**4/12 - c**3/2 - c**2 - 2*c. Let r(o) = -4*o. Let v be r(-1). Suppose -v = 3*q - 19. Calculate b(q).
8
Let j(x) = 7 - x**2 + 23*x - 15*x + 0 + 2*x**2. Give j(-7).
0
Let l(q) = q - 3. Let h be (-2)/3*6/(-4). Suppose h = -3*i + w + 5, -2*w = 3*i - 10. Let z = i + 2. Give l(z).
1
Let l = -5 + 8. Let s(h) be the second derivative of -1/6*h**4 + h - 1/2*h**2 + 0 - 1/3*h**l. Calculate s(-2).
-5
Let x(b) be the third derivative of 0 - 2*b**2 + 0*b + 1/24*b**4 - 1/6*b**3. Suppose 5*q - 35 = 6*m - m, -5 = -2*q - m. Calculate x(q).
3
Let s(t) = 1 + 0*t**2 + 2*t**3 + t**2 - t - 3*t**2. Suppose -3*v = 5*h - 2*v - 6, -h + 22 = -5*v. Determine s(h).
7
Let l(k) be the second derivative of k**5/10 - k**4/4 + k**3/6 + k**2/2 + 2*k - 35. Suppose -g + 3*n - 15 = -5, 0 = 3*g + 3*n - 18. Calculate l(g).
7
Suppose 2 + 4 = 2*l. Let s be (-78)/18 + 1/l. Let a(o) = -o**2 - 4*o - 1. What is a(s)?
-1
Let i(a) = -5*a - 2. Let z(v) = 11*v + 5. Let s(l) = 5*i(l) + 2*z(l). Determine s(-4).
12
Let m(w) = -w**2 - 5*w - 5. Let n(d) = d**2 + d - 1. Let x(f) = 4*f**2 - 5*f - 1. Let i(k) = 5*n(k) - x(k). Let y be i(-10). What is m(y)?
-1
Let z(r) = r - 1. Let g = -1 + 1. Suppose 6*x - x - 5 = g. Let w be 16/4 - 2*x. Give z(w).
1
Let c = -2 - -3. Let d = c - 1. Let o(y) = -7*y + 2*y + d - 2*y**2 - 4. Determine o(-3).
-7
Let f be (0/1)/((-28)/7 + 8). Let c(i) = i - 7. Determine c(f).
-7
Let v(i) = -i + 4. Suppose 3*j + 2*x + 5 = -9, -2*j = x + 9. What is v(j)?
8
Let c(d) = 6*d**2 - 4*d**2 + 3*d - 3*d**2 - 3 + 0*d**2. Let j = -8 - -12. Calculate c(j).
-7
Suppose -q = -4, 6 = -5*r + 3*q + 4. Let f(w) = 2 + 0*w**2 + 6*w - 2*w**r + w**2. Suppose -16 = -3*c + 2. Calculate f(c).
2
Suppose -17 = -f + 19. Suppose -37 = 6*k - 9*k - 5*r, -4*k - 4*r + f = 0. Let a(w) = w**3 - 5*w**2 + w + 5. Determine a(k).
-7
Let r be (-1)/4 + 52/16. Let s(t) = -4 + r - 2 + 0 - t - t**2. Calculate s(0).
-3
Let m(d) = 7*d**2 + 2*d. Let q(a) = 13*a**2 + 5*a + 1. Let v(p) = -11*m(p) + 6*q(p). Give v(-5).
-9
Let s(r) = -r**3 - 6*r**2 + 4. Let m be s(-6). Let k be m/22 + 20/11. Let q(l) = -3*l + 2 + 0*l**2 + 0*l**2 + l**k. Determine q(4).
6
Let b(s) be the first derivative of s**3/3 + 7*s**2 - 20*s + 13. Determine b(-15).
-5
Let s be (-1)/(-2) - (-33)/(-72). Let b(d) be the third derivative of 1/60*d**5 + 0 + 0*d + s*d**4 - 2/3*d**3 - d**2. Determine b(-3).
2
Let o(i) be the third derivative of -i**6/120 - i**5/15 + i**4/12 + 5*i**3/6 - 25*i**2. Let r = -3 - 1. Determine o(r).
-3
Let m = 28 + -20. Let i(v) = v**2 - 8*v + 6. Determine i(m).
6
Let q be 5 + (-1 - -1)/3. Let p(h) = 6*h + q - 1 - 1. Calculate p(-2).
-9
Let z(p) be the second derivative of -p**5/10 - p**4/12 - p**3/6 + p**2/2 - 21*p. Calculate z(1).
-3
Suppose 50 = -2*c - 8*c. Let i(j) = -2*j - 6. Determine i(c).
4
Let c(j) = 8*j - 10. Let v(t) = -7*t + 9. Let g(m) = 6*c(m) + 7*v(m). Let z = 67 + -70. Give g(z).
6
Let c(s) = s + 6*s + 2 - s - 8*s. Determine c(4).
-6
Let z(x) = -x + 4. Suppose -5*q + 15 = -0. Let d(p) = -q - 2 - 5 - 2*p + p**3 + 7*p**2. Let t be d(-7). Calculate z(t).
0
Let f be 6*-2*(-2)/8. Let n(v) = -v**3 + 2*v**2 + 2*v + 3. Determine n(f).
0
Suppose -4*y + 12 = 4. Let q(u) = -11*u + 16*u + u**2 + 3 + y. Give q(-5).
5
Let l(w) = -2*w**2 - 4*w - 1. Let k(q) = q + 6*q - 4*q**3 + 3*q**3 + 2*q**3 - 11 + 9*q**2. Let m be k(-8). What is l(m)?
-7
Let b(l) = 4*l - 2*l**2 + 2*l**3 - 3*l**3 + 7 - 7. Give b(-3).
-3
Let k be (-2)/(-4) - (-3)/2. Let w(x) = 3 - 3*x - 2*x**2 + 2*x**2 + x**3 - 2*x**k. Determine w(3).
3
Let r = -9 - 6. Let v = r + 21. Let h(w) be the third derivative of w**4/24 - 4*w**3/3 + w**2. Give h(v).
-2
Let q(p) be the second derivative of -p**3/6 + 7*p**2/2 - 6*p. Calculate q(3).
4
Let t(x) = -3*x + 9*x + 2*x. Let q(n) = 3*n + 5. Let s be q(-2). Give t(s).
-8
Let s(g) = -g**3 + 15 - 2*g - 7 - 4*g**2 - 6. What is s(-2)?
-2
Let a(s) = -s**2 - 2*s + 8. Let h(j) = 2*j**2 + 5*j - 16. Let r(k) = -5*a(k) - 3*h(k). What is r(-6)?
2
Let l(u) be the third derivative of -u**6/120 + u**5/20 + u**4/24 - 7*u**2. Give l(3).
3
Let j be 4 + 6/(-9)*-3. Suppose 5*a + 16 = j. Let q(d) = 2*d**2 + d. What is q(a)?
6
Let s = 1 + 0. Let k(x) be the third derivative of -x**4/6 - x**3/6 - 10*x**2. Give k(s).
-5
Let z(r) be the first derivative of r**3/3 + 4*r**2 + 6*r + 5. Suppose x = 3 - 8. Give z(x).
-9
Let k = 6 + -5. Let t = 0 - 3. Let r(y) = 4*y**3 - 4*y**2 + y - 3. Let v(z) = -7*z**3 + 7*z**2 - 2*z + 5. Let m(j) = t*v(j) - 5*r(j). What is m(k)?
1
Let v = 6 + -2. Let m(u) = -4 + v - 1 + 0 - u. Give m(-3).
2
Suppose 0 = 3*a + 9, 5*a = -3*n - 16 - 17. Let v(i) = -2*i**3 - 14*i**2 - 14*i - 1. Let p(u) = u**3 + 7*u**2 + 7*u. Let o(s) = -5*p(s) - 2*v(s). What is o(n)?
8
Suppose -2*k = 3*k - 15. Suppose 4*t = k*t - 2. Let o(x) be the first derivative of -x**3/3 - x + 13. Calculate o(t).
-5
Let n be (-2)/4 + (-23)/(-2). Let f = n - 7. Suppose -c = f*c. Let i(r) = r**2 - 5. What is i(c)?
-5
Let i(g) = g**2 - 8*g - 7. Let j = -51 + 60. Determine i(j).
2
Suppose 0*f = 3*f. Let v(a) = 20*a**2 + 14*a - 4. Let c(b) = -7*b**2 - 5*b + 1. Let j(w) = -17*c(w) - 6*v(w). Calculate j(f).
7
Let f(s) = -s**3 + 3*s**2 - 2*s + 3. Let t(v) = 0*v - 116 - v + 125. Let h be t(7). Determine f(h).
3
Let y = -1 - -5. Suppose y*c = 3*p + 17, p = 3*c + 2*p - 16. Let z(h) be the second derivative of -h**5/20 + h**4/3 + 7*h**3/6 - 3*h**2 + h. What is z(c)?
4
Let u(w) = -w**3 - 5*w**2 + 7*w + 8. Suppose 16 = -5*n - 14. Calculate u(n).
2
Let c = -80 - -83. Let d(i) = i**3 - 5*i**2 + i - 4. Determine d(c).
-19
Suppose -4*z + 4*b + 22 = -2*z, -4*b - 27 = -3*z. Suppose n + 0 = -z, 0 = a - 5*n - 23. Let h(l) = -7*l**2 + 2*l**2 + 3*l**2 + 1 - l. Calculate h(a).
-5
Let p(q) be the first derivative of q**4/4 - 2*q**3/3 - 3*q**2/2 + 2*q + 18. What is p(3)?
2
Suppose 0 = g - 2*n - 9, -4*g = n - 6 - 3. Suppose 0 = -2*x - 2*x. Let q(y) = 2*y + x*y - 3 - 3*y + 0*y. What is q(g)?
-6
Suppose -z + 10 = 4*z. Let o(j) = -3 - 10*j**3 + 5*j - 3*j**z + 9*j**3 + 4*j**2. Determine o(3).
-6
Let m(i) be the third derivative of i**6/360 + 7*i**5/120 + i**4/4 - 5*i**3/6 - 7*i**2. Let h(a) be the first derivative of m(a). Determine h(-4).
-6
Let t(c) = -c**2 - 3*c + 8. Let a(i) = -2*i**2 - 2*i - 2. Let 